{"id":107592,"date":"2024-12-04T12:30:07","date_gmt":"2024-12-04T11:30:07","guid":{"rendered":"https:\/\/www.heynature.de\/shop\/?post_type=product&#038;p=107592"},"modified":"2025-12-17T10:50:15","modified_gmt":"2025-12-17T09:50:15","slug":"hoca-toilettenhocker-klappbar-aus-bambus","status":"publish","type":"product","link":"https:\/\/www.heynature.de\/shop\/produkt\/hoca-toilettenhocker-klappbar-aus-bambus\/","title":{"rendered":"Hoca Toilettenhocker Klappbar &#8211; aus Bambus"},"content":{"rendered":"<p>Hoca erm\u00f6glicht es dir, so wie von der Natur bestimmt auf die Toilette zu gehen: in der Hocke. Wenn wir auf der Toilette sitzen, klemmt ein Muskel unseren Darm ab und wir m\u00fcssen unn\u00f6tig pressen. In der Hocke ist der Muskel entspannt und unser Darm wird begradigt. Somit erledigt sich das gro\u00dfe Gesch\u00e4ft fast von allein. Mit unserem klappbaren Premium-Modell aus nachhaltigem Bambus gelangst du ganz einfach zu einem ges\u00fcnderen, schnelleren Stuhlgang und l\u00e4sst der Natur freien Lauf.<\/p>\n","protected":false},"excerpt":{"rendered":"<ul>\n<li>\u00dcber 300.000 zufriedene Hoca-Kunden<\/li>\n<li>Hilfe bei H\u00e4morrhoiden, Reizdarm, Verstopfung, Bl\u00e4hungen, Pressschmerzen (nach einer Hysterektomie), Morbus Crohn etc.<\/li>\n<li>Der einzige als Medizinprodukt zugelassene Toilettenhocker Deutschlands<\/li>\n<li>Unser Premiummodell aus nachhaltigem Bambus: stilvoll, klappbar und platzsparend<\/li>\n<li>Mit jeder Bestellung erh\u00e4ltst du von uns einen kostenlosen Darmratgeber<\/li>\n<\/ul>\n","protected":false},"featured_media":108157,"comment_status":"open","ping_status":"closed","template":"","meta":[],"product_brand":[],"product_cat":[31,619],"product_tag":[],"class_list":{"0":"post-107592","1":"product","2":"type-product","3":"status-publish","4":"has-post-thumbnail","6":"product_cat-bauchwohl","7":"product_cat-toilettenhocker","8":"product_shipping_class-paket","9":"pa_brand-hey-nature","11":"first","12":"instock","13":"sale","14":"taxable","15":"shipping-taxable","16":"purchasable","17":"product-type-simple"},"yoast_head":"<!-- This site is optimized with the Yoast SEO plugin v27.2 - https:\/\/yoast.com\/product\/yoast-seo-wordpress\/ -->\n<title>Hoca Toilettenhocker Klappbar - aus Bambus - Hey Nature<\/title>\n<meta name=\"robots\" content=\"index, follow, max-snippet:-1, max-image-preview:large, max-video-preview:-1\" \/>\n<link rel=\"canonical\" href=\"https:\/\/www.heynature.de\/shop\/produkt\/hoca-toilettenhocker-klappbar-aus-bambus\/\" \/>\n<meta property=\"og:locale\" content=\"de_DE\" \/>\n<meta property=\"og:type\" content=\"article\" \/>\n<meta property=\"og:title\" content=\"Hoca Toilettenhocker Klappbar - aus Bambus - Hey Nature\" \/>\n<meta property=\"og:description\" content=\"\u00dcber 300.000 zufriedene Hoca-Kunden  Hilfe bei H\u00e4morrhoiden, Reizdarm, Verstopfung, Bl\u00e4hungen, Pressschmerzen (nach einer Hysterektomie), Morbus Crohn etc.  Der einzige als Medizinprodukt zugelassene Toilettenhocker Deutschlands  Unser Premiummodell aus nachhaltigem Bambus: stilvoll, klappbar und platzsparend  Mit jeder Bestellung erh\u00e4ltst du von uns einen kostenlosen Darmratgeber\" \/>\n<meta property=\"og:url\" content=\"https:\/\/www.heynature.de\/shop\/produkt\/hoca-toilettenhocker-klappbar-aus-bambus\/\" \/>\n<meta property=\"og:site_name\" content=\"Hey Nature\" \/>\n<meta property=\"article:publisher\" content=\"https:\/\/www.facebook.com\/people\/Hey-Nature\/100087590509870\/\" \/>\n<meta property=\"article:modified_time\" content=\"2025-12-17T09:50:15+00:00\" \/>\n<meta property=\"og:image\" content=\"https:\/\/www.heynature.de\/shop\/wp-content\/uploads\/2024\/11\/Holz-Freisteller.webp\" \/>\n\t<meta property=\"og:image:width\" content=\"1200\" \/>\n\t<meta property=\"og:image:height\" content=\"1200\" \/>\n\t<meta property=\"og:image:type\" content=\"image\/webp\" \/>\n<meta name=\"twitter:card\" content=\"summary_large_image\" \/>\n<meta name=\"twitter:label1\" content=\"Gesch\u00e4tzte Lesezeit\" \/>\n\t<meta name=\"twitter:data1\" content=\"1\u00a0Minute\" \/>\n<script type=\"application\/ld+json\" class=\"yoast-schema-graph\">{\"@context\":\"https:\/\/schema.org\",\"@graph\":[{\"@type\":\"WebPage\",\"@id\":\"https:\/\/www.heynature.de\/shop\/produkt\/hoca-toilettenhocker-klappbar-aus-bambus\/\",\"url\":\"https:\/\/www.heynature.de\/shop\/produkt\/hoca-toilettenhocker-klappbar-aus-bambus\/\",\"name\":\"Hoca Toilettenhocker Klappbar - aus Bambus - Hey Nature\",\"isPartOf\":{\"@id\":\"https:\/\/www.heynature.de\/shop\/#website\"},\"primaryImageOfPage\":{\"@id\":\"https:\/\/www.heynature.de\/shop\/produkt\/hoca-toilettenhocker-klappbar-aus-bambus\/#primaryimage\"},\"image\":{\"@id\":\"https:\/\/www.heynature.de\/shop\/produkt\/hoca-toilettenhocker-klappbar-aus-bambus\/#primaryimage\"},\"thumbnailUrl\":\"https:\/\/www.heynature.de\/shop\/wp-content\/uploads\/2024\/11\/Holz-Freisteller.webp\",\"datePublished\":\"2024-12-04T11:30:07+00:00\",\"dateModified\":\"2025-12-17T09:50:15+00:00\",\"breadcrumb\":{\"@id\":\"https:\/\/www.heynature.de\/shop\/produkt\/hoca-toilettenhocker-klappbar-aus-bambus\/#breadcrumb\"},\"inLanguage\":\"de\",\"potentialAction\":[{\"@type\":\"ReadAction\",\"target\":[\"https:\/\/www.heynature.de\/shop\/produkt\/hoca-toilettenhocker-klappbar-aus-bambus\/\"]}]},{\"@type\":\"ImageObject\",\"inLanguage\":\"de\",\"@id\":\"https:\/\/www.heynature.de\/shop\/produkt\/hoca-toilettenhocker-klappbar-aus-bambus\/#primaryimage\",\"url\":\"https:\/\/www.heynature.de\/shop\/wp-content\/uploads\/2024\/11\/Holz-Freisteller.webp\",\"contentUrl\":\"https:\/\/www.heynature.de\/shop\/wp-content\/uploads\/2024\/11\/Holz-Freisteller.webp\",\"width\":1200,\"height\":1200},{\"@type\":\"BreadcrumbList\",\"@id\":\"https:\/\/www.heynature.de\/shop\/produkt\/hoca-toilettenhocker-klappbar-aus-bambus\/#breadcrumb\",\"itemListElement\":[{\"@type\":\"ListItem\",\"position\":1,\"name\":\"Startseite\",\"item\":\"https:\/\/www.heynature.de\/shop\/\"},{\"@type\":\"ListItem\",\"position\":2,\"name\":\"Shop\",\"item\":\"https:\/\/www.heynature.de\/shop\/\"},{\"@type\":\"ListItem\",\"position\":3,\"name\":\"Hoca Toilettenhocker Klappbar &#8211; aus Bambus\"}]},{\"@type\":\"WebSite\",\"@id\":\"https:\/\/www.heynature.de\/shop\/#website\",\"url\":\"https:\/\/www.heynature.de\/shop\/\",\"name\":\"Hey Nature\",\"description\":\"Innovative, nat\u00fcrliche Produkte f\u00fcr ein gesundes Leben.\",\"publisher\":{\"@id\":\"https:\/\/www.heynature.de\/shop\/#organization\"},\"alternateName\":\"Produkte f\u00fcr ein nat\u00fcrlich ges\u00fcnderes Leben\",\"potentialAction\":[{\"@type\":\"SearchAction\",\"target\":{\"@type\":\"EntryPoint\",\"urlTemplate\":\"https:\/\/www.heynature.de\/shop\/?s={search_term_string}\"},\"query-input\":{\"@type\":\"PropertyValueSpecification\",\"valueRequired\":true,\"valueName\":\"search_term_string\"}}],\"inLanguage\":\"de\"},{\"@type\":\"Organization\",\"@id\":\"https:\/\/www.heynature.de\/shop\/#organization\",\"name\":\"Hey Nature GmbH\",\"alternateName\":\"Hey Nature\",\"url\":\"https:\/\/www.heynature.de\/shop\/\",\"logo\":{\"@type\":\"ImageObject\",\"inLanguage\":\"de\",\"@id\":\"https:\/\/www.heynature.de\/shop\/#\/schema\/logo\/image\/\",\"url\":\"https:\/\/www.heynature.de\/shop\/wp-content\/uploads\/2022\/04\/HeyNature-Logo_grau.png.png\",\"contentUrl\":\"https:\/\/www.heynature.de\/shop\/wp-content\/uploads\/2022\/04\/HeyNature-Logo_grau.png.png\",\"width\":350,\"height\":123,\"caption\":\"Hey Nature GmbH\"},\"image\":{\"@id\":\"https:\/\/www.heynature.de\/shop\/#\/schema\/logo\/image\/\"},\"sameAs\":[\"https:\/\/www.facebook.com\/people\/Hey-Nature\/100087590509870\/\",\"https:\/\/www.instagram.com\/heynature.de\/\"]}]}<\/script>\n<!-- \/ Yoast SEO plugin. -->","yoast_head_json":{"title":"Hoca Toilettenhocker Klappbar - aus Bambus - Hey Nature","robots":{"index":"index","follow":"follow","max-snippet":"max-snippet:-1","max-image-preview":"max-image-preview:large","max-video-preview":"max-video-preview:-1"},"canonical":"https:\/\/www.heynature.de\/shop\/produkt\/hoca-toilettenhocker-klappbar-aus-bambus\/","og_locale":"de_DE","og_type":"article","og_title":"Hoca Toilettenhocker Klappbar - aus Bambus - Hey Nature","og_description":"\u00dcber 300.000 zufriedene Hoca-Kunden  Hilfe bei H\u00e4morrhoiden, Reizdarm, Verstopfung, Bl\u00e4hungen, Pressschmerzen (nach einer Hysterektomie), Morbus Crohn etc.  Der einzige als Medizinprodukt zugelassene Toilettenhocker Deutschlands  Unser Premiummodell aus nachhaltigem Bambus: stilvoll, klappbar und platzsparend  Mit jeder Bestellung erh\u00e4ltst du von uns einen kostenlosen Darmratgeber","og_url":"https:\/\/www.heynature.de\/shop\/produkt\/hoca-toilettenhocker-klappbar-aus-bambus\/","og_site_name":"Hey Nature","article_publisher":"https:\/\/www.facebook.com\/people\/Hey-Nature\/100087590509870\/","article_modified_time":"2025-12-17T09:50:15+00:00","og_image":[{"width":1200,"height":1200,"url":"https:\/\/www.heynature.de\/shop\/wp-content\/uploads\/2024\/11\/Holz-Freisteller.webp","type":"image\/webp"}],"twitter_card":"summary_large_image","twitter_misc":{"Gesch\u00e4tzte Lesezeit":"1\u00a0Minute"},"schema":{"@context":"https:\/\/schema.org","@graph":[{"@type":"WebPage","@id":"https:\/\/www.heynature.de\/shop\/produkt\/hoca-toilettenhocker-klappbar-aus-bambus\/","url":"https:\/\/www.heynature.de\/shop\/produkt\/hoca-toilettenhocker-klappbar-aus-bambus\/","name":"Hoca Toilettenhocker Klappbar - aus Bambus - Hey Nature","isPartOf":{"@id":"https:\/\/www.heynature.de\/shop\/#website"},"primaryImageOfPage":{"@id":"https:\/\/www.heynature.de\/shop\/produkt\/hoca-toilettenhocker-klappbar-aus-bambus\/#primaryimage"},"image":{"@id":"https:\/\/www.heynature.de\/shop\/produkt\/hoca-toilettenhocker-klappbar-aus-bambus\/#primaryimage"},"thumbnailUrl":"https:\/\/www.heynature.de\/shop\/wp-content\/uploads\/2024\/11\/Holz-Freisteller.webp","datePublished":"2024-12-04T11:30:07+00:00","dateModified":"2025-12-17T09:50:15+00:00","breadcrumb":{"@id":"https:\/\/www.heynature.de\/shop\/produkt\/hoca-toilettenhocker-klappbar-aus-bambus\/#breadcrumb"},"inLanguage":"de","potentialAction":[{"@type":"ReadAction","target":["https:\/\/www.heynature.de\/shop\/produkt\/hoca-toilettenhocker-klappbar-aus-bambus\/"]}]},{"@type":"ImageObject","inLanguage":"de","@id":"https:\/\/www.heynature.de\/shop\/produkt\/hoca-toilettenhocker-klappbar-aus-bambus\/#primaryimage","url":"https:\/\/www.heynature.de\/shop\/wp-content\/uploads\/2024\/11\/Holz-Freisteller.webp","contentUrl":"https:\/\/www.heynature.de\/shop\/wp-content\/uploads\/2024\/11\/Holz-Freisteller.webp","width":1200,"height":1200},{"@type":"BreadcrumbList","@id":"https:\/\/www.heynature.de\/shop\/produkt\/hoca-toilettenhocker-klappbar-aus-bambus\/#breadcrumb","itemListElement":[{"@type":"ListItem","position":1,"name":"Startseite","item":"https:\/\/www.heynature.de\/shop\/"},{"@type":"ListItem","position":2,"name":"Shop","item":"https:\/\/www.heynature.de\/shop\/"},{"@type":"ListItem","position":3,"name":"Hoca Toilettenhocker Klappbar &#8211; aus Bambus"}]},{"@type":"WebSite","@id":"https:\/\/www.heynature.de\/shop\/#website","url":"https:\/\/www.heynature.de\/shop\/","name":"Hey Nature","description":"Innovative, nat\u00fcrliche Produkte f\u00fcr ein gesundes Leben.","publisher":{"@id":"https:\/\/www.heynature.de\/shop\/#organization"},"alternateName":"Produkte f\u00fcr ein nat\u00fcrlich ges\u00fcnderes Leben","potentialAction":[{"@type":"SearchAction","target":{"@type":"EntryPoint","urlTemplate":"https:\/\/www.heynature.de\/shop\/?s={search_term_string}"},"query-input":{"@type":"PropertyValueSpecification","valueRequired":true,"valueName":"search_term_string"}}],"inLanguage":"de"},{"@type":"Organization","@id":"https:\/\/www.heynature.de\/shop\/#organization","name":"Hey Nature GmbH","alternateName":"Hey Nature","url":"https:\/\/www.heynature.de\/shop\/","logo":{"@type":"ImageObject","inLanguage":"de","@id":"https:\/\/www.heynature.de\/shop\/#\/schema\/logo\/image\/","url":"https:\/\/www.heynature.de\/shop\/wp-content\/uploads\/2022\/04\/HeyNature-Logo_grau.png.png","contentUrl":"https:\/\/www.heynature.de\/shop\/wp-content\/uploads\/2022\/04\/HeyNature-Logo_grau.png.png","width":350,"height":123,"caption":"Hey Nature GmbH"},"image":{"@id":"https:\/\/www.heynature.de\/shop\/#\/schema\/logo\/image\/"},"sameAs":["https:\/\/www.facebook.com\/people\/Hey-Nature\/100087590509870\/","https:\/\/www.instagram.com\/heynature.de\/"]}]}},"tiered_pricing_type":"fixed","tiered_pricing_fixed_rules":[],"tiered_pricing_product_settings":{"layout":"default","base_unit_name":{"singular":null,"plural":null},"default_variation":null},"tiered_pricing_minimum_quantity":null,"tiered_pricing_roles_data":[],"tiered_pricing_percentage_rules":[],"tiered_pricing_maximum_quantity":null,"tiered_pricing_quantity_step":null,"_links":{"self":[{"href":"https:\/\/www.heynature.de\/shop\/wp-json\/wp\/v2\/product\/107592","targetHints":{"allow":["GET"]}}],"collection":[{"href":"https:\/\/www.heynature.de\/shop\/wp-json\/wp\/v2\/product"}],"about":[{"href":"https:\/\/www.heynature.de\/shop\/wp-json\/wp\/v2\/types\/product"}],"replies":[{"embeddable":true,"href":"https:\/\/www.heynature.de\/shop\/wp-json\/wp\/v2\/comments?post=107592"}],"version-history":[{"count":4,"href":"https:\/\/www.heynature.de\/shop\/wp-json\/wp\/v2\/product\/107592\/revisions"}],"predecessor-version":[{"id":126060,"href":"https:\/\/www.heynature.de\/shop\/wp-json\/wp\/v2\/product\/107592\/revisions\/126060"}],"wp:featuredmedia":[{"embeddable":true,"href":"https:\/\/www.heynature.de\/shop\/wp-json\/wp\/v2\/media\/108157"}],"wp:attachment":[{"href":"https:\/\/www.heynature.de\/shop\/wp-json\/wp\/v2\/media?parent=107592"}],"wp:term":[{"taxonomy":"product_brand","embeddable":true,"href":"https:\/\/www.heynature.de\/shop\/wp-json\/wp\/v2\/product_brand?post=107592"},{"taxonomy":"product_cat","embeddable":true,"href":"https:\/\/www.heynature.de\/shop\/wp-json\/wp\/v2\/product_cat?post=107592"},{"taxonomy":"product_tag","embeddable":true,"href":"https:\/\/www.heynature.de\/shop\/wp-json\/wp\/v2\/product_tag?post=107592"}],"curies":[{"name":"wp","href":"https:\/\/api.w.org\/{rel}","templated":true}]}}